of 6650?
True
Is 20592 a multiple of 5?
False
Is 10 a factor of 1006?
False
Is 126 a multiple of 7?
True
Is 2 a factor of 10338?
True
Is 13 a factor of 8074?
False
Is 10256 a multiple of 16?
True
Does 4 divide 5484?
True
Does 10 divide 10467?
False
Does 16 divide 22048?
True
Is 70 a factor of 2322?
False
Is 3396 a multiple of 6?
True
Is 21 a factor of 3255?
True
Is 35 a factor of 141575?
True
Is 5665 a multiple of 55?
True
Is 11 a factor of 847?
True
Does 204 divide 3468?
True
Is 199 a factor of 19800?
False
Does 15 divide 1230?
True
Does 17 divide 20451?
True
Is 55 a factor of 1430?
True
Does 49 divide 14824?
False
Is 9 a factor of 4500?
True
Is 55 a factor of 46153?
False
Is 26 a factor of 5129?
False
Is 8 a factor of 440?
True
Does 18 divide 1606?
False
Is 35 a factor of 1925?
True
Does 23 divide 3197?
True
Is 38720 a multiple of 220?
True
Is 98 a multiple of 5?
False
Does 46 divide 690?
True
Is 343 a multiple of 7?
True
Does 12 divide 2484?
True
Is 520 a multiple of 52?
True
Is 15778 a multiple of 229?
False
Is 11 a factor of 10947?
False
Is 3066 a multiple of 8?
False
Does 21 divide 1841?
False
Is 4842 a multiple of 18?
True
Is 32 a factor of 11712?
True
Does 33 divide 85?
False
Is 86 a factor of 74734?
True
Does 7 divide 14518?
True
Is 1143 a multiple of 4?
False
Does 118 divide 11676?
False
Is 98 a factor of 4829?
False
Does 108 divide 23112?
True
Is 1557 a multiple of 61?
False
Is 14 a factor of 2604?
True
Does 29 divide 1302?
False
Is 23 a factor of 998?
False
Is 994 a multiple of 20?
False
Does 12 divide 20460?
True
Does 43 divide 676?
False
Does 2 divide 236?
True
Is 152 a factor of 18569?
False
Is 1732 a multiple of 112?
False
Does 26 divide 572?
True
Is 16 a factor of 4977?
False
Is 76 a factor of 14820?
True
Is 58342 a multiple of 31?
True
Is 6419 a multiple of 7?
True
Does 9 divide 48010?
False
Does 21 divide 1483?
False
Does 59 divide 4898?
False
Does 11 divide 517?
True
Does 16 divide 4229?
False
Is 351 a multiple of 9?
True
Is 15145 a multiple of 97?
False
Is 26112 a multiple of 12?
True
Does 314 divide 10990?
True
Is 25 a factor of 200?
True
Is 2374 a multiple of 58?
False
Does 21 divide 346?
False
Does 4 divide 15?
False
Does 25 divide 4525?
True
Is 2964 a multiple of 76?
True
Is 13146 a multiple of 42?
True
Is 48 a factor of 21989?
False
Is 16 a factor of 4104?
False
Does 20 divide 39640?
True
Does 38 divide 570?
True
Is 5510 a multiple of 10?
True
Does 66 divide 52315?
False
Does 20 divide 11361?
False
Does 49 divide 379?
False
Is 2210 a multiple of 10?
True
Is 11 a factor of 1353?
True
Is 4097 a multiple of 17?
True
Does 12 divide 2736?
True
Is 5155 a multiple of 5?
True
Does 16 divide 6100?
False
Is 2 a factor of 131?
False
Does 17 divide 61121?
False
Does 3 divide 867?
True
Is 1076 a multiple of 18?
False
Is 2702 a multiple of 14?
True
Is 10422 a multiple of 6?
True
Does 17 divide 528?
False
Is 49 a factor of 1344?
False
Is 228 a multiple of 19?
True
Is 816 a multiple of 13?
False
Does 26 divide 910?
True
Is 2467 even?
False
Is 11 a factor of 132?
True
Does 21 divide 7157?
False
Is 335 a factor of 31307?
False
Is 14 a factor of 52?
False
Is 15 a factor of 6540?
True
Does 2 divide 122?
True
Is 168 a factor of 2520?
True
Does 12 divide 2484?
True
Is 1679 a multiple of 6?
False
Is 99 a factor of 43321?
False
Is 66 a factor of 111?
False
Is 453 even?
False
Is 516 a multiple of 4?
True
Is 585 a multiple of 65?
True
Does 8 divide 2184?
True
Is 432 a multiple of 8?
True
Is 7 a factor of 54531?
False
Is 28800 a multiple of 15?
True
Does 82 divide 9477?
False
Is 1053 a multiple of 19?
False
Does 16 divide 400?
True
Is 157 a multiple of 2?
False
Is 4 a factor of 4061?
False
Is 8 a factor of 256?
True
Is 6 a factor of 668?
False
Does 48 divide 5328?
True
Is 170 a factor of 46580?
True
Is 7196 a multiple of 13?
False
Does 16 divide 27562?
False
Does 12 divide 1156?
False
Is 495 a multiple of 9?
True
Is 72 a factor of 123336?
True
Is 9 a factor of 135?
True
Is 10 a factor of 6540?
True
Does 70 divide 2730?
True
Does 121 divide 859?
False
Is 75 a factor of 450?
True
Is 16 a factor of 1025?
False
Is 76 a factor of 3496?
True
Does 37 divide 4810?
True
Is 30 a factor of 1643?
False
Is 122 a factor of 5283?
False
Does 7 divide 509?
False
Is 9 a factor of 1046?
False
Is 7410 a multiple of 13?
True
Is 96 a multiple of 32?
True
Is 4 a factor of 2393?
False
Does 84 divide 2281?
False
Is 217 a factor of 137144?
True
Is 16 a factor of 22092?
False
Is 30440 a multiple of 20?
True
Is 35 a factor of 20755?
True
Is 6938 a multiple of 54?
False
Is 3 a factor of 81?
True
Does 147 divide 44849?
False
Does 20 divide 25035?
False
Does 254 divide 48514?
True
Does 9 divide 2077?
False
Does 62 divide 11532?
True
Is 19 a factor of 431?
False
Does 40 divide 1720?
True
Does 17 divide 1224?
True
Is 89 a factor of 18202?
False
Is 15480 a multiple of 10?
True
Is 6479 a multiple of 3?
False
Is 495 a multiple of 22?
False
Does 5 divide 153?
False
Is 3190 a multiple of 22?
True
Is 90 a multiple of 90?
True
Is 195 a factor of 8775?
True
Is 61 a factor of 3599?
True
Is 123 a factor of 3872?
False
Is 134 a factor of 13154?
False
Is 902 a multiple of 9?
False
Is 24 a factor of 331?
False
Is 19572 a multiple of 42?
True
Does 165 divide 19155?
False
Is 2932 a multiple of 59?
False
Does 17 divide 5998?
False
Does 18 divide 7002?
True
Is 24 a factor of 183?
False
Is 13 a factor of 1157?
True
Is 1270 a multiple of 13?
False
Is 99 a multiple of 6?
False
Is 34 a factor of 11050?
True
Does 6 divide 19847?
False
Is 53 a factor of 41976?
True
Is 35 a factor of 19318?
False
Is 73 even?
False
Is 75 a factor of 9676?
False
Is 9548 a multiple of 3?
False
Is 44 a factor of 16148?
True
Is 25 a factor of 63154?
False
Is 83928 a multiple of 69?
False
Is 11 a factor of 825?
True
Does 4 divide 1041?
False
Does 9 divide 256?
False
Is 2400 a multiple of 50?
True
Does 60 divide 14880?
True
Is 37 a factor of 4021?
False
Does 6 divide 336?
True
Is 4 a factor of 5984?
True
Is 146 a factor of 16644?
True
Does 28 divide 149772?
True
Is 14 a factor of 4004?
True
Does 15 divide 1605?
True
Is 3948 a multiple of 12?
True
Is 28 a multiple of 28?
True
Is 4 a factor of 116?
True
Is 29 a factor of 21634?
True
Is 1665 a multiple of 15?
True
Does 130 divide 16510?
True
Does 11 divide 468?
False
Is 78603 a multiple of 432?
False
Does 32 divide 4176?
False
Is 21 a factor of 1470?
True
Is 15 a factor of 651?
False
Is 9 a factor of 5364?
True
Is 7428 a multiple of 25?
False
Is 4007 a multiple of 129?
False
Is 3059 a multiple of 43?
False
Does 12 divide 7266?
False
Does 4 divide 6564?
True
Does 64 divide 960?
True
Is 20 a multiple of 4?
True
Is 760 a multiple of 46?
False
Does 8 divide 9657?
False
Is 392 a multiple of 8?
True
Is 1081 a multiple of 23?
True
Is 15 a factor of 585?
True
Does 8 divide 120?
True
Does 6 divide 10710?
True
Is 120 a multiple of 6?
True
Does 113 divide 23165?
True
Is 44 a factor of 10840?
False
Is 8 a factor of 31896?
True
Does 37 divide 269?
False
Is 2077 a multiple of 12?
False
Is 20 a factor of 380?
True
Is 3690 a multiple of 10?
True
Is 2325 a multiple of 15?
True
Is 42 a factor of 798?
True
Is 2224 a multiple of 8?
True
Does 5 divide 524?
False
Is 30118 a multiple of 74?
True
Is 87 a factor of 12124?
False
Does 43 divide 7611?
True
Is 32 a factor of 4960?
True
Does 36 divide 715?
False
Is 115 a multiple of 10?
False
Is 4289 a multiple of 10?
False
Is 32 a factor of 72?
False
Does 7 divide 42?
True
Does 28 divide 22092?
True
Is 16 a factor of 439?
False
Is 28 a factor of 28?
True
Is 12904 a multiple of 115?
False
Is 8 a factor of 273?
False
Is 31 a factor of 157?
False
Does 13 divide 312?
True
Does 21 divide 2596?
False
Is 26108 a multiple of 214?
True
Is 9 a factor of 1098?
True
Is 2380 a multiple of 23?
False
Is 148 a factor of 70052?
False
Is 1702 a multiple of 10?
False
Does 145 divide 1663?
False
Is 42 a factor of 1218?
True
Is 5 a factor of 506?
False
Is 15 a factor of 709?
False
Does 19 divide 28120?
True
Is 913 a multiple of 8?
False
Is 37 a factor of 685?
False
Is 252 a multiple of 5?
False
Does 373 divide 93677?
False
Does 5 divide 1353?
False
Is 443 a factor of 50945?
True
Is 23 a factor of 2599?
True
Is 29 a factor of 61306?
True
Is 7222 a multiple of 23?
True
Doe